3342 - 22333?
-111230
In base 5, what is 13004 - 111410?
-43401
In base 6, what is 1011542 + 11002?
1022544
In base 13, what is 39 - 2b51?
-2b15
In base 13, what is -a1 - -32a15?
32944
In base 11, what is -16760a3 + 4?
-167609a
In base 16, what is -fff56 + -6?
-fff5c
In base 3, what is 10200220000100100212 + -10?
10200220000100100202
In base 11, what is 4835 - -218a6?
26630
In base 9, what is -1674 - -64013?
62228
In base 12, what is 17a731 + 16?
17a747
In base 12, what is -5 + -b8732?
-b8737
In base 13, what is 5 + 4c20b64?
4c20b69
In base 5, what is -232202 - 13211?
-300413
In base 6, what is 351 - 12221140?
-12220345
In base 8, what is 42 + -11473601?
-11473537
In base 2, what is -110001101 + -11100111001111?
-11101101011100
In base 6, what is -11 - 25351442?
-25351453
In base 13, what is -9a5564 + 17?
-9a554a
In base 10, what is 5184922 - -4?
5184926
In base 10, what is -88345 - 32?
-88377
In base 6, what is -50543 + 102102?
11115
In base 15, what is -3 + -296b71a8?
-296b71ab
In base 3, what is 2222120211010 - -1?
2222120211011
In base 12, what is -586 + -17469?
-17a33
In base 9, what is 213473884 + -2?
213473882
In base 3, what is -111211122122120 + -10000?
-111211122202120
In base 8, what is 707112 - -2335?
711447
In base 9, what is 2335102 - 25?
2335066
In base 12, what is -13972 - 214?
-13b86
In base 4, what is -123120202032 + 2013?
-123120200013
In base 12, what is -175460 + 4?
-175458
In base 16, what is 31bc935 - -4?
31bc939
In base 12, what is 232b3 - -73?
23366
In base 15, what is 5 + -1a08886?
-1a08881
In base 6, what is -24514405 - -430?
-24513535
In base 7, what is 4 + -50630405?
-50630401
In base 4, what is 1223022 - 1300?
1221122
In base 14, what is 975 + -1433?
-89c
In base 2, what is -110011011000101010110 + 10?
-110011011000101010100
In base 14, what is -76b654 + -1?
-76b655
In base 5, what is 210 - -341203412?
341204122
In base 6, what is 5 - 53542355?
-53542350
In base 15, what is 7e3a6 + 28?
7e3ce
In base 4, what is -2033231103 + -13?
-2033231122
In base 7, what is -1 - -31220045?
31220044
In base 13, what is 1 - -228718?
228719
In base 3, what is 10012202021112 - 1?
10012202021111
In base 14, what is 2b016d - 33?
2b013a
In base 2, what is 1010 - 10010110010000001100001?
-10010110010000001010111
In base 16, what is -1c923 + 3f5?
-1c52e
In base 12, what is -238505 + -1?
-238506
In base 3, what is 21200122002021 - 22?
21200122001222
In base 8, what is -307463 - 750?
-310433
In base 16, what is -479ea7 - 0?
-479ea7
In base 6, what is -211 + -5022135?
-5022350
In base 15, what is -3cac1bb + -4?
-3cac1c0
In base 15, what is 4916 - 6e6c?
-2556
In base 14, what is -a43 - -15ca5?
15262
In base 11, what is -4 - -51223a4?
51223a0
In base 13, what is 20ca2 + 13ac?
22381
In base 8, what is -116036033 - -23?
-116036010
In base 13, what is 1863 - 4810?
-2c7a
In base 2, what is -101100 - -101110010010000101001100?
101110010010000100100000
In base 11, what is 0 - 409258?
-409258
In base 16, what is -2 - -68380f?
68380d
In base 12, what is b3472 + -29b?
b3193
In base 4, what is -2132301110230 - -1?
-2132301110223
In base 7, what is -205 + -2402?
-2610
In base 4, what is 30322202030 - 223?
30322201201
In base 9, what is -17780072 + 8?
-17780063
In base 2, what is 1010010101001110110011011101 + 1000?
1010010101001110110011100101
In base 4, what is 22210133 - -213?
22211012
In base 8, what is 15 - 71302334?
-71302317
In base 8, what is -515 - 76336?
-77053
In base 4, what is -100211223133 + 10?
-100211223123
In base 5, what is -33 + -34010120?
-34010203
In base 5, what is -231402 - 2043102?
-2330004
In base 15, what is -5 + 2774?
276e
In base 15, what is -99083 + 9?
-99079
In base 15, what is 7419d - 44?
74159
In base 16, what is 34ac91 - 1b?
34ac76
In base 3, what is 102111122122001 + 21?
102111122122022
In base 2, what is -1 + -101100000000110010011100?
-101100000000110010011101
In base 4, what is 32020103 + 10?
32020113
In base 10, what is 313118 + 1607?
314725
In base 2, what is 111011101100 + -10001101110000?
-1010010000100
In base 4, what is -3 - -120100030312?
120100030303
In base 8, what is -3562 + -5611?
-11373
In base 9, what is 5 - -417717667?
417717673
In base 14, what is -466 - -db11?
d689
In base 5, what is -2123424 + 230?
-2123144
In base 15, what is 15005 + 1a8c?
16a92
In base 6, what is 34 + -1444544033?
-1444543555
In base 4, what is 1110131002 + 3212?
1110200220
In base 9, what is 3 - -100284134?
100284137
In base 10, what is 14224 + -3071?
11153
In base 13, what is -15a1b - -424?
-155c7
In base 12, what is -15 - -6549669?
6549654
In base 11, what is 87 + 794453?
79452a
In base 4, what is -1130020002 - 0?
-1130020002
In base 6, what is 5 + 1012320051?
1012320100
In base 15, what is -201d + -9ec?
-2a1a
In base 14, what is 5 + d7920b9?
d7920c0
In base 7, what is -420 - -23520525?
23520105
In base 11, what is 1335 - 12a08?
-11683
In base 11, what is 283 + 16510?
16793
In base 4, what is 3230 - 33000002?
-32330112
In base 2, what is 100011111111011 + -100110010000001?
-10010000110
In base 2, what is -100 + 1110111110100010111011?
1110111110100010110111
In base 4, what is -23211122002001 + 11?
-23211122001330
In base 16, what is -2 - -3a5eb0?
3a5eae
In base 5, what is 12112 + 123223?
140340
In base 6, what is -2 - -113002534?
113002532
In base 14, what is -23 + 56923b?
569218
In base 10, what is -191547 + 3?
-191544
In base 6, what is -4 + -2352235304?
-2352235312
In base 2, what is -111111000010101100101100 + 101?
-111111000010101100100111
In base 10, what is 2008 - -1986?
3994
In base 11, what is -8a748 + 163?
-8a595
In base 5, what is 240 + -23310141?
-23304401
In base 13, what is 18c98 + 96?
19061
In base 6, what is -45322354 - 220?
-45323014
In base 2, what is 101000001010001101110010 + 1?
101000001010001101110011
In base 10, what is -12 - -732618?
732606
In base 4, what is -1123320333131 - -10?
-1123320333121
In base 8, what is -5 - -341455552?
341455545
In base 10, what is 292808392 + 3?
292808395
In base 5, what is 40104443234 - 3?
40104443231
In base 3, what is -1202 - 102000102220?
-102000111122
In base 7, what is -1243624340 - -1?
-1243624336
In base 10, what is -53 - -1347901?
1347848
In base 10, what is -2630 + 608?
-2022
In base 2, what is -10000010 + -110111000010100110?
-110111000100101000
In base 12, what is 4 - 1b03219?
-1b03215
In base 8, what is 40027 + 3534?
43563
In base 11, what is -1147579 + -6?
-1147584
In base 7, what is 16101545 + 11?
16101556
In base 13, what is -7c - 332a8?
-33357
In base 15, what is 4093c - -8?
40945
In base 16, what is 3fa18b9 + -4?
3fa18b5
In base 15, what is 6 + -2c58473?
-2c5846c
In base 10, what is -9947 + -11475?
-21422
In base 4, what is -2 + 101222033031?
101222033023
In base 2, what is 1100000000101 - 1101111111111010?
-1100011111110101
In base 15, what is 3825 - -ddd6?
1270b
In base 6, what is -21 - -5403132?
5403111
In base 11, what is 192a1 - 98?
19204
In base 12, what is -127313 + 166?
-127169
In base 14, what is -11d8 + -5a80?
-6c78
In base 15, what is 12aab28 + -3?
12aab25
In base 8, what is -23 + 1646161?
1646136
In base 7, what is -14 - -33035355?
33035341
In base 7, what is 42151343504 + 5?
42151343512
In base 14, what is 135d72 - -66?
135dd8
In base 14, what is -b64 - 4b19?
-587d
In base 3, what is 110212112111022 + -20?
110212112111002
In base 10, what is 36 - -4409049?
4409085
In base 14, what is 14 - -19087b?
190891
In base 4, what is -1023323230 + -10132?
-1030000022
In base 4, what is -3 + -30101132110?
-30101132113
In base 3, what is 11221202011120110 - -20?
11221202011120200
In base 5, what is -24 - 20104243111?
-20104243140
In base 10, what is 3 + 244145?
244148
In base 6, what is 11 - -1511210?
1511221
In base 7, what is -4 - -321333651?
321333644
In base 5, what is -41103034 + -244?
-41103333
In base 11, what is 0 - -33a2772?
33a2772
In base 12, what is 5 - 1b22a61?
-1b22a58
In base 11, what is -17423a2 + 16?
-1742387
In base 5, what is 111131 - -1243420?
1410101
In base 13, what is 2 + -1c2cba96?
-1c2cba94
In base 7, what is -11123416 - 1015?
-11124434
In base 16, what is 2 + -22e1b7?
-22e1b5
In base 16, what is 23428bd - 4?
23428b9
In base 3, what is -20 + -120100200122002?
-120100200122022
In base 9, what is -1 + 6552130?
6552128
In base 11, w